{"id":168,"date":"2011-06-12T10:49:40","date_gmt":"2011-06-12T14:49:40","guid":{"rendered":"http:\/\/amphitheatre-quebec.org\/blog\/?page_id=168"},"modified":"2012-09-10T13:24:21","modified_gmt":"2012-09-10T17:24:21","slug":"donateurs","status":"publish","type":"page","link":"http:\/\/amphitheatre-quebec.org\/blog\/donateurs\/","title":{"rendered":"Donateurs"},"content":{"rendered":"<p>Cela fait plusieurs mois que nous avons fait appel aux fonds du public et je suis s\u00fbr que vous \u00eates curieux de savoir o\u00f9 nous en sommes rendus. Voici un petit tableau.<\/p>\n<div style=\"text-align: -webkit-right;\"><span style=\"color: #000000; font-size: small;\"><span style=\"line-height: 24px;\"><strong><span style=\"font-size: small;\"><span style=\"line-height: 24px;\"> <\/span><\/span>&nbsp;<\/p>\n<table border=\"0\" cellspacing=\"0\" frame=\"VOID\" rules=\"NONE\">\n<colgroup>\n<col width=\"86\"><\/col>\n<col width=\"86\"><\/col>\n<col width=\"86\"><\/col>\n<\/colgroup>\n<tbody>\n<tr>\n<td width=\"86\" height=\"17\" align=\"RIGHT\"><strong>Montant<\/strong><\/td>\n<td width=\"86\" align=\"RIGHT\"><strong>Nombre<\/strong><\/td>\n<td width=\"86\" align=\"RIGHT\"><strong>Total<\/strong><\/td>\n<\/tr>\n<tr>\n<td height=\"17\" align=\"RIGHT\">2<\/td>\n<td align=\"RIGHT\">2<\/td>\n<td align=\"RIGHT\">4<\/td>\n<\/tr>\n<tr>\n<td height=\"17\" align=\"RIGHT\">5<\/td>\n<td align=\"RIGHT\">6<\/td>\n<td align=\"RIGHT\">30<\/td>\n<\/tr>\n<tr>\n<td height=\"17\" align=\"RIGHT\">10<\/td>\n<td align=\"RIGHT\">36<\/td>\n<td align=\"RIGHT\">360<\/td>\n<\/tr>\n<tr>\n<td height=\"17\" align=\"RIGHT\">15<\/td>\n<td align=\"RIGHT\">10<\/td>\n<td align=\"RIGHT\">150<\/td>\n<\/tr>\n<tr>\n<td height=\"17\" align=\"RIGHT\">20<\/td>\n<td align=\"RIGHT\">50<\/td>\n<td align=\"RIGHT\">1 000<\/td>\n<\/tr>\n<tr>\n<td height=\"17\" align=\"RIGHT\">25<\/td>\n<td align=\"RIGHT\">24<\/td>\n<td align=\"RIGHT\">600<\/td>\n<\/tr>\n<tr>\n<td height=\"17\" align=\"RIGHT\">30<\/td>\n<td align=\"RIGHT\">18<\/td>\n<td align=\"RIGHT\">540<\/td>\n<\/tr>\n<tr>\n<td height=\"17\" align=\"RIGHT\">35<\/td>\n<td align=\"RIGHT\">1<\/td>\n<td align=\"RIGHT\">35<\/td>\n<\/tr>\n<tr>\n<td height=\"17\" align=\"RIGHT\">40<\/td>\n<td align=\"RIGHT\">7<\/td>\n<td align=\"RIGHT\">280<\/td>\n<\/tr>\n<tr>\n<td height=\"17\" align=\"RIGHT\">50<\/td>\n<td align=\"RIGHT\">51<\/td>\n<td align=\"RIGHT\">2 550<\/td>\n<\/tr>\n<tr>\n<td height=\"17\" align=\"RIGHT\">60<\/td>\n<td align=\"RIGHT\">2<\/td>\n<td align=\"RIGHT\">120<\/td>\n<\/tr>\n<tr>\n<td height=\"17\" align=\"RIGHT\">70<\/td>\n<td align=\"RIGHT\">1<\/td>\n<td align=\"RIGHT\">70<\/td>\n<\/tr>\n<tr>\n<td height=\"17\" align=\"RIGHT\">75<\/td>\n<td align=\"RIGHT\">1<\/td>\n<td align=\"RIGHT\">75<\/td>\n<\/tr>\n<tr>\n<td height=\"17\" align=\"RIGHT\">100<\/td>\n<td align=\"RIGHT\">52<\/td>\n<td align=\"RIGHT\">5 200<\/td>\n<\/tr>\n<tr>\n<td height=\"17\" align=\"RIGHT\">150<\/td>\n<td align=\"RIGHT\">1<\/td>\n<td align=\"RIGHT\">150<\/td>\n<\/tr>\n<tr>\n<td height=\"17\" align=\"RIGHT\">200<\/td>\n<td align=\"RIGHT\">7<\/td>\n<td align=\"RIGHT\">1 400<\/td>\n<\/tr>\n<tr>\n<td height=\"17\" align=\"RIGHT\">250<\/td>\n<td align=\"RIGHT\">1<\/td>\n<td align=\"RIGHT\">250<\/td>\n<\/tr>\n<tr>\n<td height=\"17\" align=\"RIGHT\">300<\/td>\n<td align=\"RIGHT\">1<\/td>\n<td align=\"RIGHT\">300<\/td>\n<\/tr>\n<tr>\n<td height=\"17\" align=\"RIGHT\">1000<\/td>\n<td align=\"RIGHT\">1<\/td>\n<td align=\"RIGHT\">1 000<\/td>\n<\/tr>\n<tr>\n<td height=\"17\" align=\"LEFT\"><\/td>\n<td align=\"RIGHT\">269<\/td>\n<td align=\"RIGHT\">14 114<\/td>\n<\/tr>\n<\/tbody>\n<\/table>\n<p><\/strong><strong> <\/strong><\/p>\n<p><\/span><\/span><\/div>\n<p>C&rsquo;est la premi\u00e8re fois que j&rsquo;essaye de ramaser des fonds et je suis agr\u00e9ablement surpris. Nous avons eu beaucoup de 100$ et de 50$ (et m\u00eame un 1 000$!) ce qui fait vite monter le total.<\/p>\n<p>La plupart des donateurs sont de la r\u00e9gion de Qu\u00e9bec, mais voici la liste des villes d&rsquo;o\u00f9 proviennent les dons. Ca vient de partout, m\u00eame North Miami Beach et La Turbie en France!<\/p>\n<p>Alma, Austin (USA), Baie St-Paul, Beauport, Beaupr\u00e9, Boischatel, Boucherville, Brossard, Cap-Saint-Ignace, Charny, Chicoutimi, Contrecoeur, Dollard des Ormeaux, Fulford, Gatineau, Granby, Hampstead, Huntingdon, Jonqui\u00e8re, L&rsquo;Ancienne-Lorette, La Pocati\u00e8re, Lachine, La Turbie (France), Laterri\u00e8re, Laval, Levis, Longueuil, Mansonville, Maelbourne, Montreal, Neuville, Newport, North Miami Beach (USA), Ottawa, Outremont, Pierrefonds, Pincourt, Pontiac, Qu\u00e9bec, Rimouski, Rivi\u00e8re du loup, Roberval, Rosem\u00e8re, Saint-augustin de Desmaures, Saint-Bruno, Saint-Lambert, Saint-Michel, Saint-Nicolas, Saint-Raymond, Sainte-Foy,Qu\u00e9bec, Salaberry-de-Valleyfield, Sherbrooke, Sillery,\u00a0Sorel-Tracy, St-Colomban, St-Eustache, St-Jean Chrysostome, St-J\u00e9rome, St-F\u00e9rr\u00e9ol, St-L\u00e9onard, St-Mathias-sur-Richelieu, St-Pac\u00f4me, St-Pierre, Ile d&rsquo;Orl\u00e9ans, Ste-Therese,\u00a0Ste-Victoire, Val-morin, Verdun, Ville de la Baie.<\/p>\n<p>On voit que la primaut\u00e9 du droit et la saine et l\u00e9gale gestion des villes sont des sujets qui touchent tout le monde.<\/p>\n<p>Nous serons \u00e9conomes en agissant le plus possible par nous-m\u00eames dans les proc\u00e9dures judiciaires, en ne d\u00e9pensant que pour se faire aider de certains avocats sp\u00e9cialis\u00e9s au besoin. Nous ne gaspillerons pas votre argent.<\/p>\n<p>Encore une fois, merci pour tout ce que vous faites.<\/p>\n","protected":false},"excerpt":{"rendered":"<p>Cela fait plusieurs mois que nous avons fait appel aux fonds du public et je suis s\u00fbr que vous \u00eates curieux de savoir o\u00f9 nous en sommes rendus. Voici un petit tableau. &nbsp; Montant Nombre Total 2 2 4 5 &hellip; <a href=\"http:\/\/amphitheatre-quebec.org\/blog\/donateurs\/\">Continuer la lecture <span class=\"meta-nav\">&rarr;<\/span><\/a><\/p>\n","protected":false},"author":1,"featured_media":0,"parent":0,"menu_order":0,"comment_status":"open","ping_status":"open","template":"","meta":{"jetpack_post_was_ever_published":false,"footnotes":""},"class_list":["post-168","page","type-page","status-publish","hentry"],"jetpack_sharing_enabled":true,"jetpack_shortlink":"https:\/\/wp.me\/P1yH5L-2I","_links":{"self":[{"href":"http:\/\/amphitheatre-quebec.org\/blog\/wp-json\/wp\/v2\/pages\/168","targetHints":{"allow":["GET"]}}],"collection":[{"href":"http:\/\/amphitheatre-quebec.org\/blog\/wp-json\/wp\/v2\/pages"}],"about":[{"href":"http:\/\/amphitheatre-quebec.org\/blog\/wp-json\/wp\/v2\/types\/page"}],"author":[{"embeddable":true,"href":"http:\/\/amphitheatre-quebec.org\/blog\/wp-json\/wp\/v2\/users\/1"}],"replies":[{"embeddable":true,"href":"http:\/\/amphitheatre-quebec.org\/blog\/wp-json\/wp\/v2\/comments?post=168"}],"version-history":[{"count":32,"href":"http:\/\/amphitheatre-quebec.org\/blog\/wp-json\/wp\/v2\/pages\/168\/revisions"}],"predecessor-version":[{"id":415,"href":"http:\/\/amphitheatre-quebec.org\/blog\/wp-json\/wp\/v2\/pages\/168\/revisions\/415"}],"wp:attachment":[{"href":"http:\/\/amphitheatre-quebec.org\/blog\/wp-json\/wp\/v2\/media?parent=168"}],"curies":[{"name":"wp","href":"https:\/\/api.w.org\/{rel}","templated":true}]}}